{"id":8,"date":"2017-06-06T16:03:18","date_gmt":"2017-06-06T14:03:18","guid":{"rendered":"http:\/\/ar-trading.fr\/?page_id=8"},"modified":"2018-12-10T16:05:54","modified_gmt":"2018-12-10T15:05:54","slug":"accueil","status":"publish","type":"page","link":"https:\/\/ar-trading.fr\/","title":{"rendered":"Accueil"},"content":{"rendered":"<p style=\"text-align: left;\"><strong><span id=\"p18\"><span id=\"23\">AR<\/span>.<\/span><\/strong><span id=\"p19\"><strong><span id=\"24\" class=\"s-rg-t\">Trading<\/span><\/strong> est une soci\u00e9t\u00e9 de vente de v\u00e9g\u00e9taux pour les professionnels de la distribution et de la d\u00e9coration avec plus de 20 ans d\u2019exp\u00e9rience sur le march\u00e9 fran\u00e7ais et europ\u00e9en. <\/span><span id=\"p20\">Nous sommes en contact avec les meilleurs fournisseurs europ\u00e9ens de v\u00e9g\u00e9taux\u00a0pour apporter notre service sur le territoire fran\u00e7ais.<\/span><\/p>\n<p style=\"text-align: left;\"><strong><span id=\"p21\"><span id=\"25\" class=\"s-rg-t\">AR<\/span>.<\/span><\/strong><span id=\"p22\"><strong><span id=\"26\">Trading<\/span> Green<\/strong> est l&rsquo;entit\u00e9 sp\u00e9cialis\u00e9e dans la vente de sapins de No\u00ebl, nous s\u00e9lectionnons les plus beaux sapins de France et du Danemark.<\/span><\/p>\n<div class=\"entry-content\">\n<p style=\"text-align: left;\">Nous sommes \u00e0 l\u2019\u00e9coute des nouvelles tendances du march\u00e9 de la distribution des v\u00e9g\u00e9taux.<\/p>\n<\/div>\n","protected":false},"excerpt":{"rendered":"<p>AR.Trading est une soci\u00e9t\u00e9 de vente de v\u00e9g\u00e9taux pour les professionnels de la distribution et de la d\u00e9coration avec plus de 20 ans d\u2019exp\u00e9rience sur le march\u00e9 fran\u00e7ais et europ\u00e9en. Nous sommes en contact avec les meilleurs fournisseurs europ\u00e9ens de v\u00e9g\u00e9taux\u00a0pour apporter notre service sur le territoire fran\u00e7ais. AR.Trading Green est l&rsquo;entit\u00e9 sp\u00e9cialis\u00e9e dans la &hellip; <\/p>\n<p class=\"link-more\"><a href=\"https:\/\/ar-trading.fr\/\" class=\"more-link\">Continuer la lecture<span class=\"screen-reader-text\"> de &laquo;&nbsp;Accueil&nbsp;&raquo;<\/span><\/a><\/p>\n","protected":false},"author":1,"featured_media":0,"parent":0,"menu_order":0,"comment_status":"closed","ping_status":"closed","template":"","meta":{"footnotes":""},"_links":{"self":[{"href":"https:\/\/ar-trading.fr\/index.php\/wp-json\/wp\/v2\/pages\/8"}],"collection":[{"href":"https:\/\/ar-trading.fr\/index.php\/wp-json\/wp\/v2\/pages"}],"about":[{"href":"https:\/\/ar-trading.fr\/index.php\/wp-json\/wp\/v2\/types\/page"}],"author":[{"embeddable":true,"href":"https:\/\/ar-trading.fr\/index.php\/wp-json\/wp\/v2\/users\/1"}],"replies":[{"embeddable":true,"href":"https:\/\/ar-trading.fr\/index.php\/wp-json\/wp\/v2\/comments?post=8"}],"version-history":[{"count":10,"href":"https:\/\/ar-trading.fr\/index.php\/wp-json\/wp\/v2\/pages\/8\/revisions"}],"predecessor-version":[{"id":248,"href":"https:\/\/ar-trading.fr\/index.php\/wp-json\/wp\/v2\/pages\/8\/revisions\/248"}],"wp:attachment":[{"href":"https:\/\/ar-trading.fr\/index.php\/wp-json\/wp\/v2\/media?parent=8"}],"curies":[{"name":"wp","href":"https:\/\/api.w.org\/{rel}","templated":true}]}}