{"id":100,"date":"2018-04-14T18:08:02","date_gmt":"2018-04-14T16:08:02","guid":{"rendered":"http:\/\/ar-trading.fr\/?page_id=100"},"modified":"2020-01-14T18:29:02","modified_gmt":"2020-01-14T17:29:02","slug":"les-sapins","status":"publish","type":"page","link":"https:\/\/ar-trading.fr\/index.php\/les-sapins\/","title":{"rendered":"Sapins de No\u00ebl"},"content":{"rendered":"<p>No\u00ebl est une campagne importante de l\u2019ann\u00e9e,\u00a0<strong>AR Trading<\/strong>\u00a0s\u2019est associ\u00e9e avec un des leaders Danois du March\u00e9 du sapin,\u00a0<strong>Green Product\u00a0<\/strong>pour vous offrir une gamme de grande qualit\u00e9.<\/p>\n<p><strong>Nordmanns 4 qualit\u00e9s<\/strong>\u00a0:<\/p>\n<ul>\n<li>Extra<\/li>\n<li>1<sup>er<\/sup> choix<\/li>\n<li>Action<\/li>\n<li>Promo<\/li>\n<\/ul>\n<p>Notre Nordmann qualit\u00e9 \u00ab\u00a0<strong>ACTION<\/strong>\u00a0\u00bb est notre fer de lance, tant en quantit\u00e9, qualit\u00e9 et prix.<\/p>\n<p><strong>\u00c9pic\u00e9as 2 sortes et 3 <\/strong><strong>qualit\u00e9s<\/strong>\u00a0:<\/p>\n<p><u>\u00c9pic\u00e9as verts<\/u>\u00a0:<\/p>\n<ul>\n<li>Extra<\/li>\n<li>1 er choix,<\/li>\n<li>2eme choix<\/li>\n<\/ul>\n<p><u>\u00c9pic\u00e9as flock\u00e9s<\/u>\u00a0:<\/p>\n<ul>\n<li>Blancs et\/ou 16 couleurs diff\u00e9rentes<\/li>\n<li>Traitement ext\u00e9rieur et ignifugation sont disponibles.<\/li>\n<\/ul>\n<p><strong>Pourquoi travailler avec AR-Trading <\/strong><strong>:<\/strong><\/p>\n<ul>\n<li>Livraison en CT palette.<\/li>\n<li>Possibilit\u00e9 de mixer 2 tailles de la m\u00eame vari\u00e9t\u00e9 dans la m\u00eame palette.<\/li>\n<li>Sapins avec gencod.<\/li>\n<li>Possibilit\u00e9 de livrer avec pieds taill\u00e9s.<\/li>\n<li>Accessoires : pieds pour sapins \/ filets et goulotte d\u2019emballage \/ banderoles.<\/li>\n<li>Possibilit\u00e9 de camion partag\u00e9.<\/li>\n<li>Prix direct production.<\/li>\n<\/ul>\n<p><img loading=\"lazy\" decoding=\"async\" class=\"alignnone wp-image-283 size-full\" src=\"http:\/\/ar-trading.fr\/wp-content\/uploads\/2018\/04\/Sapin.gif\" alt=\"\" width=\"2083\" height=\"4608\" \/><\/p>\n","protected":false},"excerpt":{"rendered":"<p>No\u00ebl est une campagne importante de l\u2019ann\u00e9e,\u00a0AR Trading\u00a0s\u2019est associ\u00e9e avec un des leaders Danois du March\u00e9 du sapin,\u00a0Green Product\u00a0pour vous offrir une gamme de grande qualit\u00e9. Nordmanns 4 qualit\u00e9s\u00a0: Extra 1er choix Action Promo Notre Nordmann qualit\u00e9 \u00ab\u00a0ACTION\u00a0\u00bb est notre fer de lance, tant en quantit\u00e9, qualit\u00e9 et prix. \u00c9pic\u00e9as 2 sortes et 3 qualit\u00e9s\u00a0: &hellip; <\/p>\n<p class=\"link-more\"><a href=\"https:\/\/ar-trading.fr\/index.php\/les-sapins\/\" class=\"more-link\">Continuer la lecture<span class=\"screen-reader-text\"> de &laquo;&nbsp;Sapins de No\u00ebl&nbsp;&raquo;<\/span><\/a><\/p>\n","protected":false},"author":1,"featured_media":255,"parent":0,"menu_order":0,"comment_status":"closed","ping_status":"closed","template":"","meta":{"footnotes":""},"_links":{"self":[{"href":"https:\/\/ar-trading.fr\/index.php\/wp-json\/wp\/v2\/pages\/100"}],"collection":[{"href":"https:\/\/ar-trading.fr\/index.php\/wp-json\/wp\/v2\/pages"}],"about":[{"href":"https:\/\/ar-trading.fr\/index.php\/wp-json\/wp\/v2\/types\/page"}],"author":[{"embeddable":true,"href":"https:\/\/ar-trading.fr\/index.php\/wp-json\/wp\/v2\/users\/1"}],"replies":[{"embeddable":true,"href":"https:\/\/ar-trading.fr\/index.php\/wp-json\/wp\/v2\/comments?post=100"}],"version-history":[{"count":16,"href":"https:\/\/ar-trading.fr\/index.php\/wp-json\/wp\/v2\/pages\/100\/revisions"}],"predecessor-version":[{"id":384,"href":"https:\/\/ar-trading.fr\/index.php\/wp-json\/wp\/v2\/pages\/100\/revisions\/384"}],"wp:featuredmedia":[{"embeddable":true,"href":"https:\/\/ar-trading.fr\/index.php\/wp-json\/wp\/v2\/media\/255"}],"wp:attachment":[{"href":"https:\/\/ar-trading.fr\/index.php\/wp-json\/wp\/v2\/media?parent=100"}],"curies":[{"name":"wp","href":"https:\/\/api.w.org\/{rel}","templated":true}]}}